402 + -198685. Is u a composite number?
False
Let z = 42935 + -30148. Is z a composite number?
True
Let a be 7/((-5)/((-240)/4)). Let v = 87 - a. Suppose -4*j = -v*p - 260, -5*j - 2*p + 198 + 127 = 0. Is j prime?
False
Let u(d) = d**2 - 1. Let m(h) = -147*h**2 - 2*h + 9. Let n(s) = -m(s) - 6*u(s). Is n(2) a prime number?
False
Suppose -16*x + 115809 = -25391. Suppose x = 38*y - 67859. Is y prime?
False
Suppose r - 4*t + 15 = 0, -t = 3*r - 6 - 14. Suppose -4*y + 3*j = -2786 - 326, y + r*j = 801. Is y prime?
False
Let s(l) = l**2 + 9*l - 73. Let r be s(6). Suppose -r*h + 176166 = -37813. Is h composite?
True
Suppose -3*t + 5*t - y - 567173 = 0, 0 = -2*t + 5*y + 567177. Is t composite?
True
Let u = 32892 - 20512. Suppose 0*y - 2*y + a = 6200, 4*y + u = -3*a. Let i = y - -5197. Is i prime?
True
Suppose 0 = -4*t - 5*s + 37518 + 17778, 4*s = -4*t + 55292. Suppose -1043*b = -1044*b + t. Is b a composite number?
True
Let m be 57/(-6) - 1/2. Let v be (-290)/8 - m/40. Is 8/v - 3665/(-9) composite?
True
Is 6/12*(15 + -9 + 226936) a prime number?
False
Suppose -68083 = -4*s - 3*k, -73*k + 71*k + 68086 = 4*s. Is s prime?
False
Let q(b) = 9*b**3 - 44*b**2 + 2*b + 192. Is q(29) a composite number?
False
Let y(u) = 25*u**2 + u - 11. Suppose -14 = 5*z + n, 2*z + 1 = -4*n - n. Let s(f) = -51*f**2 - 2*f + 22. Let t(w) = z*s(w) - 5*y(w). Is t(6) a prime number?
False
Let b = -105 - -109. Suppose 2*d = -m + 94, -5*m + b*d = -2*m - 322. Is 2/17 + 71286/m composite?
True
Let s = -1 + 12. Suppose 26*q - 104955 = s*q. Is q composite?
False
Suppose -h + 20 = -3*w, 0 = 3*h - 1 - 5. Let n be w/(-8) - (-1106)/8. Let c = 19 + n. Is c prime?
False
Let z be (1 + 1)*(-2 - -10 - 2). Suppose -5*d + 3 = 3*a - 6, 0 = -4*a + 3*d + z. Suppose -4*m + 2829 = a*t - 2*m, 2*t + 3*m = 1886. Is t prime?
False
Let c(h) = 2*h**2 - 136*h - 80*h**3 - h**3 + h**2 - 129*h + 251*h + 19. Is c(-6) a composite number?
False
Suppose -14*u - 20 = -5*c - 10*u, u = 2*c - 5. Suppose c = 6*o + 3*o - 38439. Is o prime?
True
Let i = -112 + 112. Suppose -12*j + 10*j + 15474 = i. Is j composite?
True
Let h(b) = -1230*b + 65. Let q be h(-16). Suppose -6*s + s = -q. Is s a prime number?
False
Let t(o) = 160*o**2 - 4*o - 3. Let f(h) = -6*h - 31. Suppose 6*i - 10 + 40 = 0. Let w be f(i). Is t(w) a prime number?
False
Let h(l) = 48*l**2 + 62*l - 480. Is h(-37) a prime number?
False
Let j(i) = 5533*i - 90. Let d be j(4). Is (-60)/50 + d/10 composite?
False
Let p be 10/15 - (-2591)/(-3). Let h = 212 - p. Suppose -4*a + 1026 = q, 4*q = -2*a + 5151 - h. Is q a prime number?
False
Let h = -22465 + 35657. Suppose h = 24*x - 38672. Is x composite?
False
Let m(i) = 30*i + 14. Let u(r) = -7*r + 18. Let a be u(-2). Is m(a) composite?
True
Let i be 2*(-10485)/40 - (-4)/16. Let w = i + 5427. Is w a prime number?
True
Suppose -182*d + 196*d = 100646. Suppose 2*j = y + d, -2*j - 4*y = y - 7171. Is j a prime number?
True
Is 132/24 - (-3294764)/8 a composite number?
True
Let j(v) = v**2 + 8743. Suppose q = -0*q - 2*q. Is j(q) a prime number?
False
Suppose -83 = -3*l + 4. Suppose l*w = 15738 + 183289. Is w composite?
False
Let c = -29 - -29. Suppose c = -2*r - 2*y + 2104, 3*y + y + 1067 = r. Is r a prime number?
False
Suppose c - 6152 = -2*z, 5*c = 2*z + 24747 + 6037. Suppose -4103 = 4*l - 6*l - 3*f, -3*l = 3*f - c. Is l composite?
False
Let h(z) = z + 5. Let k be h(11). Suppose k*x + 16 = 20*x. Suppose 0*o = -x*o + 3868. Is o a composite number?
False
Let v be (-8)/(-4) + 3*13. Suppose -524 = -7*j - v. Suppose -67*l + j*l - 5258 = 0. Is l a composite number?
True
Suppose -5*z = 3*i - 61837, -4*z - 53853 = -5*i + 49221. Suppose -100*h = -98*h - i. Is h a prime number?
False
Suppose -k - 4*d + 500087 = 0, 4*d - 197475 = -4*k + 1802789. Is k prime?
False
Let a(o) = 12*o**3 + 2*o**2 - 5*o + 11. Let n be a(-5). Let u = n + 3051. Is u a composite number?
False
Let r = 259 - 283. Is (-27608)/r - (2 - 16/6) composite?
False
Let s = -314 - -337. Let h(l) = 114*l + 145. Is h(s) composite?
False
Suppose 0 = -4*u + 11*u + 14. Is (((-3)/u)/3)/(3/14166) composite?
True
Let z(j) = j + 2. Let m be z(-6). Is 20013/2 + m/(-8) a composite number?
False
Is (82596 + 5)*(-11 - -15 - 3) a composite number?
False
Let h = 9243 + 528. Let i = h - -468. Is i a composite number?
True
Suppose -1580*b + 1575*b = -5*d + 966390, b = 4*d - 773097. Is d a composite number?
True
Let l = 858923 + -601990. Is l composite?
True
Let f(o) = 7*o**2 + 16*o - 16. Let b be f(1). Is 16384/3 - -2*b/(-42) composite?
True
Let p be (13/(-3))/(78/18 - 4). Let a be (-10822)/(-70) - (-2 + p/(-5)). Suppose 5*q - 14 = 1, a = c - q. Is c prime?
True
Suppose 9*o - 36*o = -5701779. Is o a prime number?
True
Let f(i) = 609*i**2 - 52*i + 210. Is f(7) a prime number?
False
Let c(n) = n**3 - 4*n**2 - 2*n - 16. Let i be c(5). Is 21708/(-24)*(-8)/6 - i composite?
True
Suppose 0*s - s = -4110. Suppose 0 = 18*p - 1164 - s. Is p composite?
False
Let k(m) be the first derivative of 2*m**2 - 21*m - 11. Let s be k(6). Suppose 3*o = -s*o + 2514. Is o a prime number?
True
Suppose -63*v = -14*v + 266070. Let o be (-9431)/3 + 4/6. Let r = o - v. Is r a composite number?
False
Let j(m) = m**2 - 6*m + 4. Let c be j(6). Suppose t + 8 = 4*x, -t - c*t = 0. Suppose 4*p = 3*v + 227, -p - x*v + 38 = v. Is p a prime number?
True
Suppose -3*f + 6*x + 4 = 10*x, f - x + 8 = 0. Suppose -425 = -2*w - 3*w. Is 4 + f/(-2) + w composite?
True
Suppose 0 = -2*j - 3*j - 80. Let s be (20/j)/((-4)/80). Suppose 628 = 9*z + s. Is z prime?
True
Is (-1200)/(-1500)*47555/2 a prime number?
False
Suppose -2*h + 8 = 4*v, 2*h = 5*v - 10*v + 11. Suppose 2*c - 3943 = -3*y - 325, -3*c + 5427 = -v*y. Let n = c + -1088. Is n a prime number?
False
Let k = -51 + 53. Suppose 3876 = -8*m + k*m. Is (-21 - -22)/((-2)/m) prime?
False
Suppose -a - 14 = -15. Let w(n) = 3*n**2 + 2. Let s be w(a). Suppose 0 = s*t + t - 390. Is t composite?
True
Let y(u) = -866841*u - 10256. Is y(-3) composite?
True
Suppose 22 - 36 = -d. Suppose -d - 43 = -3*s. Suppose 11882 = s*q - 6*q. Is q prime?
False
Let i = 114531 + -75938. Is i a composite number?
False
Let c = -12337 - -1786. Let k = 2520 - c. Is k a prime number?
False
Is 106/(-1961) - 1878938/(-74) prime?
True
Suppose 3*w = 50653 + 19904. Let v = 48526 - w. Is v a prime number?
False
Let u(f) be the second derivative of f**4 + 6*f**2 - 5*f. Let a be u(8). Let y = -281 + a. Is y a composite number?
False
Suppose 2*x - 572837 - 163208 = 3*d, -2*d + 6 = 0. Is x a prime number?
False
Let f = -644 - -1986. Let n = f - 742. Suppose 593 = 5*w - 2*v, -5*w - 3*v + n = 2*v. Is w a composite number?
True
Let y(v) = 689*v - 56. Let a be y(14). Let r = a - 6525. Is r a prime number?
False
Let v(z) = -283*z - 3. Suppose -2*b + 5*i = -6, b + 4*i = -b - 30. Let j = 5 + b. Is v(j) a composite number?
False
Let f = -453727 - -649305. Is f prime?
False
Let p = -2310 - -1650. Let f = -1286 - p. Let r = -363 - f. Is r prime?
True
Let z be (-119)/34*(-40)/14. Is (55/z + -6)*-762 prime?
False
Suppose -200*o - 89366 = -4*r - 201*o, -2*r + 44656 = 5*o. Is r prime?
True
Suppose -p = -2*u - 5*p - 6, -u = p + 1. Let h(a) = -2*a**3 - 12*a**2 + a + 12. Let f(o) = o**2 - o. Let w(d) = u*h(d) - 4*f(d). Is w(-13) a composite number?
False
Suppose a = -q + 5931, 2*a - 6164 = 2*q - 18046. Suppose -14132 - q = -4*j. Is j composite?
True
Let g be (-1278)/(-71)*4/6*-1. Is 184*3 + (-7 - g) a composite number?
False
Let q(s) = -s**2 + 2*s - 1. Let v be q(2). Let h(o) = 85*o**2 - o + 3. Is h(v) prime?
True
Let j = -64 + 77. Suppose -10*i - 4947 = -j*i. Is i a composite number?
True
Let v(h) = -3*h + 59 - 11*h + 743*h**2 - 557*h**2. Is v(9) composite?
True
Suppose 33 = 3*u + 6. Let t(c) = c**3 - 9*c**2 - 2*c + 15. Let n be t(u). Is (0 - n)*(-44)/(-33) + 465 a composite number?
True
Let i(a) = 2*a**2 - 5*a + 2. Let n be i(3). Let c be 2*(4 - 10/4). Suppose 538 = 2*x - n*l, 3*x - l = c*l + 807. Is x composite?
False
Let v(g) = -198*g**2 - 35*g - 5. Let d be v(-8). Let f = 19790 + d. Is f a composite number?
False
Let h(r) = r**2 + 6*r - 70. Let k be h(6). Is -1 - (-9335)/2 - 1/k prime?
False
Let f(v) = -13*v**2 - 108*v - 37. Let i(q) = -26*q**2 - 215*q - 73. Let t(w) = 7*f(w) - 4*i(w). Is t(38) a composite number?
True
Let k(q) = -20*q**2 - 9*